-34*n + 3*c + 91889, 0 = -5*n - c + 229663. What is the thousands digit of n?
5
Let i be 4/12 + 112/24. Suppose 2*t = -2*w + 2402, i*w - 4*t - 1796 = 4200. What is the thousands digit of w?
1
Let o(f) = 2748*f**2 + 17*f + 4. What is the thousands digit of o(-1)?
2
Suppose 3*w = b - 14, 0*b + 3*b = -2*w - 13. Let s(h) = 52*h**2 + 24*h + 85. What is the units digit of s(w)?
5
Let f(w) = -212*w + 213*w + 12*w**2 + 7*w**2. What is the hundreds digit of f(4)?
3
Suppose -9463*b - 1141050 = -9488*b. What is the tens digit of b?
4
Suppose 0 = 3*o + 4*j - 36, o + 2*o - 3*j - 15 = 0. What is the hundreds digit of 4296/5 - o*(-2)/(-80)?
8
Suppose -1309 = -9*h + 23. Let t = h - -55. What is the units digit of t?
3
Let q(r) = 2*r**3 - 7*r**2 + 9*r - 2. Let n be q(2). Suppose -16 = -n*o, -26*u + 24*u + 3576 = -o. What is the hundreds digit of u?
7
Let z(c) = -802*c**3 - 5*c - 4. Suppose -v + n - 1 = 0, 0 = -v - 3*n - 4 + 3. What is the hundreds digit of z(v)?
8
Let b(v) be the first derivative of 19*v**2/2 + 12*v - 49. Let c(t) = 37*t + 25. Let j(z) = -10*b(z) + 4*c(z). What is the tens digit of j(-6)?
3
Let w(x) = -1130*x**3 - 2*x**2 - 457*x - 918. What is the units digit of w(-2)?
8
Suppose 5*b - 15 = 5*y, 2*b = 6*b + 3*y - 5. Let f(g) = -3*g**2 - 15 + 3*g**2 - 2*g**2 + g**b + 17*g. What is the tens digit of f(9)?
5
Suppose -x = -2*x + 5*p + 3763, 0 = 3*x - p - 11205. What is the tens digit of x?
3
Suppose -22635 = -x + 3*m, -12*m - 67905 = -3*x - 10*m. What is the tens digit of x?
3
Let c(u) = -4188*u + 1309. What is the units digit of c(-5)?
9
Let u(q) = 68*q**2 - 70*q + 1732. What is the units digit of u(17)?
4
What is the tens digit of (-1550)/(3 - ((-70)/(-2))/7)?
7
Let z be ((-1336)/(-5))/((-4)/(-60)*-3). Let c = z - -1895. What is the tens digit of c?
5
Suppose -12*u = -32 + 8. Suppose c = 4, -5*z = u*c + 702 - 1920. What is the hundreds digit of z?
2
Let r be (-2 + 0)/2 - 9/(-9). Suppose -4*k + 0*k + 0*k = r. Suppose 8*f + 3 = 5*f, k = 3*s + 4*f - 272. What is the units digit of s?
2
Let v = 34234 + -23786. What is the thousands digit of v?
0
Suppose 11*b - 22983 = 521264. What is the ten thousands digit of b?
4
Suppose -3*r + 3*m = -6132, -2*m + 1265 = r - 791. What is the hundreds digit of r?
0
Let y(f) = -14*f**2 - 10*f - 5. Let u be y(5). Let w = 46 - u. What is the hundreds digit of w?
4
Let j = 57 + -53. Let i be (j + -3 - 23)*-3. Suppose o = -2*d + i, 5*d + 24 = o - 35. What is the tens digit of o?
6
Let z(i) = -i**3 - 9*i**2 - 15*i + 13. Let b be 2 - (6 + ((-12)/(-3) - 1)). Let u be z(b). Let x = u - 10. What is the tens digit of x?
1
Let h = -8792 + 17897. What is the thousands digit of h?
9
Let s be (-1)/(2*(-1)/(-14)). Let x be 2*21*20/(-24). What is the units digit of (-2005)/x + 2/s?
7
Suppose -1997 = -25*j + 27678. Suppose -3*s - 7*t + 3529 = -8*t, 3*t = s - j. What is the tens digit of s?
7
Let t(h) = -4*h**2 + 39*h - 36. Let y be t(8). Suppose -3*r = 7*r - y. What is the units digit of r?
2
Let g(j) = 3*j - 63. Let f be g(29). Suppose 6*t = f*t - 20358. What is the hundreds digit of t?
1
Let x = 398 + -395. Suppose n - x*t - 23 = 0, 2*t + 0*t + 30 = 2*n. What is the units digit of n?
1
Suppose i + 513 = -71. Let w = -399 - i. What is the tens digit of w?
8
Let r(n) = -2*n**3 - 7*n**2 - 9*n - 3. Let h be r(-3). Suppose 0 = 14*z - h*z + 357. Suppose -2*w + z = 5*w. What is the units digit of w?
1
What is the units digit of (-91)/364 + (-75998)/(-4) + 9/12?
0
Let l(j) = 326*j**2 + 13*j + 101. What is the thousands digit of l(-7)?
5
Suppose 1609 = 7*z - 498. Let a = -260 + z. What is the tens digit of a?
4
Let o = -377 + 380. Let t(j) = 6*j**3 + 5*j**2 + 5*j - 33. What is the units digit of t(o)?
9
Let y be 0 + 8 + -4 + 0. Suppose y*q + 26 = 34. Suppose 3*f - 2*o = 496, -q*f - 4*o + 110 + 194 = 0. What is the hundreds digit of f?
1
Suppose 7*v = -3*v - 620. Let w = 259 - v. What is the hundreds digit of w?
3
Suppose 0 = 2*b + 3*g - 4855, -63*b = -64*b - 5*g + 2445. What is the thousands digit of b?
2
Let n = -628 - -654. Suppose 10647 = 33*a - n*a. What is the hundreds digit of a?
5
Let w = 933 - 923. What is the tens digit of (2805 + w)*(-6)/(-10)?
8
Suppose 4*d = -0*d + 428. Let k(g) = g**3 + 17*g**2 - 4*g - 17. Let p be k(-17). Suppose t = -3*l + d, -42 = -2*l - 5*t + p. What is the tens digit of l?
3
Let x be ((1 + 3)/(-4))/(1/2). What is the units digit of 230/((x/(-3))/((-3)/(-3)))?
5
Let i(j) = -2*j**3 - 10*j**2 - 12*j - 11. Let c be (-416)/68 + (-4)/(-34). Let g be i(c). Suppose -518 + g = -7*y. What is the units digit of y?
5
Suppose 3*m = -0*m + 5*x + 11, -5*m + 13 = -3*x. Suppose -f = -3*r - 479, m*r + 1398 = 3*f + 6*r. What is the tens digit of f?
7
Let m(p) = p**2 + p. Let o be m(-1). Suppose 5*i - 2*i = 3*j + 441, o = -3*j. Let x = i - 56. What is the units digit of x?
1
Let x(t) = t**2 - 1. Let m be x(-7). Suppose -950 = 39*v + 11*v. Let k = m - v. What is the tens digit of k?
6
Suppose -4*o + 28403 = -3*y, 2*o + 5*y - 16314 = -2093. What is the hundreds digit of o?
1
Suppose 6*k + 91341 = 3*i, -8*i + 9*i = -2*k + 30463. What is the hundreds digit of i?
4
Suppose -3202 = 4*h + 5*r, h + 0*h + 802 = -2*r. Let s = h + 1121. Suppose -8*u = -s - 77. What is the units digit of u?
0
Suppose -7*t = -9*t - 2*d + 92512, -3*d = -24. What is the units digit of t?
8
Suppose 2*f - 5*r - 16 = -2*r, 5*r = 2*f - 24. What is the tens digit of 8/(-4)*((-849)/f - 4)?
5
Suppose c - 1876 - 1839 = 0. Suppose -9*h + c = -1856. What is the tens digit of h?
1
Suppose -1952695 = -54*b + 2251853. What is the hundreds digit of b?
8
Suppose 0 = -15*v - 8*v + 11155. Let s = -282 + v. What is the tens digit of s?
0
What is the thousands digit of 39522/(-35)*10/(-3) + 0?
3
Let g(r) = 3*r**2 + 9*r + 72. What is the tens digit of g(15)?
8
Suppose -29*a - 21286 = -71485. Suppose 0 = 8*o - 3765 - a. What is the units digit of o?
7
What is the units digit of (104/28 + -4)*7 + 14601 + 4?
3
Let p(s) = -515*s + 844. What is the units digit of p(-13)?
9
Let m = 34 - 32. Suppose -q = -4*u + 107, -m*u - q + 2*q + 55 = 0. Let i = 122 - u. What is the tens digit of i?
9
Let k = 54 + -50. Suppose k*d + 7*v - 4*v = -15, 20 = 2*d - 4*v. Suppose d*y - 94 = -2*y. What is the tens digit of y?
4
Let t(y) be the second derivative of 0 + 9*y - 12*y**2 + 17/6*y**3. What is the units digit of t(4)?
4
Suppose -9*i = -i - 98875 - 261917. What is the units digit of i?
9
Suppose 0 = 11286*n - 11297*n + 91146. What is the units digit of n?
6
Suppose -b - 4*d = -10901, -3256*d = -3257*d - 2. What is the units digit of b?
9
Let d = 62962 + -28311. What is the thousands digit of d?
4
Suppose -35 = -8*k + 141. Suppose 5*s - k*s = -255. What is the tens digit of s?
1
Suppose 0 = -291*k + 297*k + 672. Suppose 0*z - z + 24 = 0. What is the tens digit of (k/z)/(3/(-54))?
8
What is the units digit of 10101/52*12 + (-4 - -3 - -2)?
2
Suppose 6*r = 2*r - 4*z + 4832, -5*z - 6010 = -5*r. Suppose -2*a + r = -7. What is the units digit of a?
6
Let w = -6531 + 14560. What is the thousands digit of w?
8
Let r(z) = -13742*z - 517. What is the ten thousands digit of r(-1)?
1
Let s(i) = -20*i**3 - 4*i**2 - 4*i + 6. Let z be 35/21 - 34/6. Let p be s(z). Suppose p = 14*x - 372. What is the units digit of x?
5
What is the units digit of 3720/40*(5 + 0)*78?
0
Suppose 5*f = -i + 2313, 457 = f - 3*i + 6*i. Suppose -1452 = f*n - 466*n. What is the hundreds digit of n?
4
Suppose 10728 = 30*s - 27*s. What is the tens digit of s?
7
Let n = 173 + -274. Let s = n + 184. Let l = -28 + s. What is the units digit of l?
5
Let p be (99/(-6))/(-11) + 34/4. Let l(z) = 51*z - 18. Let n be l(p). Suppose -2*w = 2*w - n. What is the tens digit of w?
2
Let u = -10 + 29. Suppose -16*x = -u*x + 6. What is the tens digit of 0/2 + x + 58 + -5?
5
Let y(v) = -45*v**3 + v**2 - 4*v - 4. Let m be y(-1). Suppose -m = -n + 9. What is the tens digit of n?
5
Let a(t) = -2*t**2 - t - 1. Let w(u) = 3*u**3 - 14*u**2 + 2. Let h(y) = -6*a(y) + w(y). What is the hundreds digit of h(5)?
3
Suppose 0 = -6*q - 24 + 60. Let f(s) = 8*s + 9. Let t be f(q). What is the units digit of (-19)/t*-7*3?
7
Let v = -219 - -223. Suppose -2*t + 0*t + 832 = -v*u, 5*t - 2095 = 5*u. What is the tens digit of t?
2
Let z = 15488 - -34295. What is the thousands d